{"id":4363,"date":"2024-01-10T19:36:27","date_gmt":"2024-01-10T19:36:27","guid":{"rendered":"http:\/\/ns.roznorodnosc.pl\/?page_id=4363"},"modified":"2024-02-03T08:51:35","modified_gmt":"2024-02-03T08:51:35","slug":"marzena-rudnicka","status":"publish","type":"page","link":"https:\/\/roznorodnosc.pl\/?page_id=4363","title":{"rendered":"Marzena Rudnicka"},"content":{"rendered":"<div class=\"wpb-content-wrapper\"><p>[vc_row][vc_column width=&#8221;1\/2&#8243;][vc_empty_space][vc_single_image image=&#8221;3865&#8243; img_size=&#8221;large&#8221;][\/vc_column][vc_column width=&#8221;1\/2&#8243;][vc_custom_heading text=&#8221;Marzena Rudnicka&#8221; use_theme_fonts=&#8221;yes&#8221;][vc_separator][vc_column_text]Fundatorka think-tanku Krajowy Instytut Gospodarki Senioralnej. Autorka innowacyjnych rozwi\u0105za\u0144 w silver economy oraz publikacji m.in. \u201eGospodarka senioralna now\u0105 ga\u0142\u0119zi\u0105 gospodarki narodowej\u201d, w tym definicji gospodarki senioralnej.<u><\/u><u><\/u><\/p>\n<p>Autorka program\u00f3w certyfikacji OK SENIOR\u00ae (proces obs\u0142ugi dojrza\u0142ych konsument\u00f3w) oraz Pracodawca Dialogu Pokole\u0144 (zarz\u0105dzanie r\u00f3\u017cnorodno\u015bci\u0105 wiekow\u0105 w organizacji).<u><\/u><u><\/u><\/p>\n<p class=\"m_-6788677446329724568elementtoproof\">Cz\u0142onkini Komitetu Nauk Demograficznych Polskiej Akademii Nauk (2020-2023), Rady Dost\u0119pno\u015bci przy Ministrze Funduszy i Polityki Regionalnej (2020-2024). Sta\u0142a jurorka w mi\u0119dzynarodowym konkursie Silvereco.org oceniaj\u0105cym oferty firm z ca\u0142ego \u015bwiata w obszarze dostosowania do potrzeb dojrza\u0142ego klienta. Wsp\u00f3\u0142autorka ksi\u0105\u017cki \u201eMarketing generacji silver\u201d.<\/p>\n<p>[\/vc_column_text][\/vc_column][\/vc_row]<\/p>\n<\/div>","protected":false},"excerpt":{"rendered":"<p>[vc_row][vc_column width=&#8221;1\/2&#8243;][vc_empty_space][vc_single_image image=&#8221;3865&#8243; img_size=&#8221;large&#8221;][\/vc_column][vc_column width=&#8221;1\/2&#8243;][vc_custom_heading text=&#8221;Marzena Rudnicka&#8221; use_theme_fonts=&#8221;yes&#8221;][vc_separator][vc_column_text]Fundatorka think-tanku Krajowy Instytut Gospodarki Senioralnej. Autorka innowacyjnych rozwi\u0105za\u0144 w silver economy oraz publikacji m.in. \u201eGospodarka senioralna now\u0105 ga\u0142\u0119zi\u0105 gospodarki narodowej\u201d, w tym definicji gospodarki senioralnej. Autorka program\u00f3w certyfikacji OK SENIOR\u00ae (proces obs\u0142ugi&#8230;<\/p>\n","protected":false},"author":1,"featured_media":0,"parent":0,"menu_order":0,"comment_status":"closed","ping_status":"closed","template":"","meta":{"footnotes":""},"class_list":["post-4363","page","type-page","status-publish","hentry"],"_links":{"self":[{"href":"https:\/\/roznorodnosc.pl\/index.php?rest_route=\/wp\/v2\/pages\/4363","targetHints":{"allow":["GET"]}}],"collection":[{"href":"https:\/\/roznorodnosc.pl\/index.php?rest_route=\/wp\/v2\/pages"}],"about":[{"href":"https:\/\/roznorodnosc.pl\/index.php?rest_route=\/wp\/v2\/types\/page"}],"author":[{"embeddable":true,"href":"https:\/\/roznorodnosc.pl\/index.php?rest_route=\/wp\/v2\/users\/1"}],"replies":[{"embeddable":true,"href":"https:\/\/roznorodnosc.pl\/index.php?rest_route=%2Fwp%2Fv2%2Fcomments&post=4363"}],"version-history":[{"count":3,"href":"https:\/\/roznorodnosc.pl\/index.php?rest_route=\/wp\/v2\/pages\/4363\/revisions"}],"predecessor-version":[{"id":4479,"href":"https:\/\/roznorodnosc.pl\/index.php?rest_route=\/wp\/v2\/pages\/4363\/revisions\/4479"}],"wp:attachment":[{"href":"https:\/\/roznorodnosc.pl\/index.php?rest_route=%2Fwp%2Fv2%2Fmedia&parent=4363"}],"curies":[{"name":"wp","href":"https:\/\/api.w.org\/{rel}","templated":true}]}}